{"id":6,"date":"2025-02-21T08:46:39","date_gmt":"2025-02-21T08:46:39","guid":{"rendered":"https:\/\/seslianket.com\/?page_id=6"},"modified":"2025-09-28T10:37:38","modified_gmt":"2025-09-28T10:37:38","slug":"sesli-anket","status":"publish","type":"page","link":"https:\/\/seslianket.com\/index.php\/sesli-anket\/","title":{"rendered":"Sesli Anket"},"content":{"rendered":"\n<p><strong>Sesli Anket Nedir?<\/strong><\/p>\n\n\n\n<p><strong>Sesli Anket&#8217;de 5 Soruya Kadar Soru Sorma \u00d6zelli\u011fi, Canl\u0131 Online Takip, Anl\u0131k Raporlama ve Yapay Zeka Destekli Raporlamalar Sadece Burada<\/strong>. Sesli anket, bireylerin veya hedef kitlelerin belirli bir konu hakk\u0131nda g\u00f6r\u00fc\u015flerini almak amac\u0131yla sesli yan\u0131t sistemleri (IVR \u2013 Interactive Voice Response), telefon g\u00f6r\u00fc\u015fmeleri veya sesli asistanlar arac\u0131l\u0131\u011f\u0131yla yap\u0131lan bir ara\u015ft\u0131rma y\u00f6ntemidir. Geleneksel anketlerden farkl\u0131 olarak, sesli anketler genellikle otomatik sistemler taraf\u0131ndan y\u00fcr\u00fct\u00fcl\u00fcr ve kat\u0131l\u0131mc\u0131lar sorulara sesli yan\u0131tlar vererek veya telefon tu\u015flar\u0131n\u0131 kullanarak cevap verebilirler.<\/p>\n\n\n\n<h3 class=\"wp-block-heading\"><strong>Sesli Anketin Kullan\u0131m Alanlar\u0131<\/strong><\/h3>\n\n\n\n<p>Sesli anketler geni\u015f bir kullan\u0131m alan\u0131na sahiptir. Ba\u015fl\u0131ca kullan\u0131m alanlar\u0131 \u015funlard\u0131r:<\/p>\n\n\n\n<ol start=\"1\" class=\"wp-block-list\">\n<li><strong>M\u00fc\u015fteri Memnuniyeti Ara\u015ft\u0131rmalar\u0131<\/strong>: Firmalar, m\u00fc\u015fterilerinin \u00fcr\u00fcn veya hizmetler hakk\u0131ndaki memnuniyetini \u00f6l\u00e7mek i\u00e7in sesli anketleri kullanabilir.<\/li>\n\n\n\n<li><strong>Kamuoyu Yoklamalar\u0131<\/strong>: Politikac\u0131lar, kamu kurumlar\u0131 veya ara\u015ft\u0131rma \u015firketleri halk\u0131n belirli konulara y\u00f6nelik g\u00f6r\u00fc\u015flerini \u00f6\u011frenmek i\u00e7in sesli anketlerden yararlanabilir.<\/li>\n\n\n\n<li><strong>Pazarlama Ara\u015ft\u0131rmalar\u0131<\/strong>: \u015eirketler, yeni \u00fcr\u00fcn lansmanlar\u0131 veya hizmet de\u011fi\u015fiklikleri hakk\u0131nda geri bildirim almak i\u00e7in sesli anketler d\u00fczenleyebilir.<\/li>\n\n\n\n<li><strong>Sa\u011fl\u0131k Sekt\u00f6r\u00fc<\/strong>: Hastaneler veya sa\u011fl\u0131k kurulu\u015flar\u0131, hastalar\u0131n sa\u011fl\u0131k durumlar\u0131n\u0131 takip etmek veya hasta memnuniyetini \u00f6l\u00e7mek i\u00e7in sesli anketleri kullanabilir.<\/li>\n\n\n\n<li><strong>E\u011fitim Kurumlar\u0131<\/strong>: Okullar ve \u00fcniversiteler, \u00f6\u011frenci veya veli geri bildirimlerini almak i\u00e7in sesli anketlerden faydalanabilir.<\/li>\n<\/ol>\n\n\n\n<h3 class=\"wp-block-heading\"><strong>Sesli Anketlerin Avantajlar\u0131<\/strong><\/h3>\n\n\n\n<p>Sesli anketlerin sa\u011flad\u0131\u011f\u0131 ba\u015fl\u0131ca avantajlar \u015funlard\u0131r:<\/p>\n\n\n\n<ul class=\"wp-block-list\">\n<li><strong>Canl\u0131 Sistem Takibi<\/strong>: Anket sahibi anketini sistemimiz \u00fczerinden anketini canl\u0131 \u015fekilde takip edebiliyor. Raporlamalar anl\u0131k olarak al\u0131nabilmektedir.<\/li>\n\n\n\n<li><strong>H\u0131zl\u0131 Geri Bildirim<\/strong>: Kat\u0131l\u0131mc\u0131lar an\u0131nda yan\u0131t verebilir ve veriler h\u0131zl\u0131 bir \u015fekilde toplanabilir.<\/li>\n\n\n\n<li><strong>Geni\u015f Kitleye Ula\u015f\u0131m<\/strong>: Telefon veya sesli asistanlar arac\u0131l\u0131\u011f\u0131yla \u00e7ok say\u0131da ki\u015fiye kolayca ula\u015f\u0131labilir.<\/li>\n\n\n\n<li><strong>Maliyet Etkinli\u011fi<\/strong>: Fiziksel anketler veya y\u00fcz y\u00fcze g\u00f6r\u00fc\u015fmelerle k\u0131yasland\u0131\u011f\u0131nda daha d\u00fc\u015f\u00fck maliyetlidir.<\/li>\n\n\n\n<li><strong>Kolay Veri Analizi<\/strong>: Sesli yan\u0131tlar kaydedilip analiz edilerek anlaml\u0131 verilere d\u00f6n\u00fc\u015ft\u00fcr\u00fclebilir.<\/li>\n\n\n\n<li><strong>Eri\u015filebilirlik<\/strong>: Okuma yazma bilmeyen veya internet eri\u015fimi olmayan ki\u015filer de anketlere kat\u0131labilir.<\/li>\n<\/ul>\n\n\n\n\n\n\n","protected":false},"excerpt":{"rendered":"<p>Sesli Anket Nedir? Sesli Anket&#8217;de 5 Soruya Kadar Soru Sorma \u00d6zelli\u011fi, Canl\u0131 Online Takip, Anl\u0131k Raporlama ve Yapay Zeka Destekli Raporlamalar Sadece Burada. Sesli anket, bireylerin veya hedef kitlelerin belirli bir konu hakk\u0131nda g\u00f6r\u00fc\u015flerini almak amac\u0131yla sesli yan\u0131t sistemleri (IVR \u2013 Interactive Voice Response), telefon g\u00f6r\u00fc\u015fmeleri veya sesli asistanlar arac\u0131l\u0131\u011f\u0131yla yap\u0131lan bir ara\u015ft\u0131rma y\u00f6ntemidir. Geleneksel [&hellip;]<\/p>\n","protected":false},"author":1,"featured_media":100,"parent":0,"menu_order":0,"comment_status":"closed","ping_status":"closed","template":"","meta":{"saved_in_kubio":true,"footnotes":""},"class_list":["post-6","page","type-page","status-publish","has-post-thumbnail","hentry"],"kubio_ai_page_context":{"short_desc":"","purpose":"general"},"yoast_head":"<!-- This site is optimized with the Yoast SEO plugin v26.0 - https:\/\/yoast.com\/wordpress\/plugins\/seo\/ -->\n<title>Sesli Anket | T\u00fcrkiye&#039;nin 1 Numaral\u0131 Sesli Anket \u015eirketi K\u0131rm\u0131z\u0131 Kare \u0130leti\u015fim - 0532 388 32 44<\/title>\n<meta name=\"description\" content=\"Sesli Anket&#039; inizi Anl\u0131k Canl\u0131 \u015eekilde Takip edin. Yapay Zeka Destekli Raporlar\u0131 Hemen Al\u0131n. QR Kodla Raporunuza Heryerden Ula\u015f\u0131n.\" \/>\n<meta name=\"robots\" content=\"index, follow, max-snippet:-1, max-image-preview:large, max-video-preview:-1\" \/>\n<link rel=\"canonical\" href=\"https:\/\/seslianket.com\/index.php\/sesli-anket\/\" \/>\n<meta property=\"og:locale\" content=\"tr_TR\" \/>\n<meta property=\"og:type\" content=\"article\" \/>\n<meta property=\"og:title\" content=\"Sesli Anket | T\u00fcrkiye&#039;nin 1 Numaral\u0131 Sesli Anket \u015eirketi K\u0131rm\u0131z\u0131 Kare \u0130leti\u015fim - 0532 388 32 44\" \/>\n<meta property=\"og:description\" content=\"Sesli Anket&#039; inizi Anl\u0131k Canl\u0131 \u015eekilde Takip edin. Yapay Zeka Destekli Raporlar\u0131 Hemen Al\u0131n. QR Kodla Raporunuza Heryerden Ula\u015f\u0131n.\" \/>\n<meta property=\"og:url\" content=\"https:\/\/seslianket.com\/index.php\/sesli-anket\/\" \/>\n<meta property=\"og:site_name\" content=\"T\u00fcrkiye&#039;nin 1 Numaral\u0131 Sesli Anket \u015eirketi K\u0131rm\u0131z\u0131 Kare \u0130leti\u015fim\" \/>\n<meta property=\"article:publisher\" content=\"https:\/\/www.facebook.com\/uniamerika\" \/>\n<meta property=\"article:modified_time\" content=\"2025-09-28T10:37:38+00:00\" \/>\n<meta property=\"og:image\" content=\"https:\/\/seslianket.com\/wp-content\/uploads\/2025\/02\/cambridge-989x1024-2.png\" \/>\n\t<meta property=\"og:image:width\" content=\"989\" \/>\n\t<meta property=\"og:image:height\" content=\"1024\" \/>\n\t<meta property=\"og:image:type\" content=\"image\/png\" \/>\n<meta name=\"twitter:card\" content=\"summary_large_image\" \/>\n<meta name=\"twitter:site\" content=\"@uniamerika\" \/>\n<meta name=\"twitter:label1\" content=\"Tahmini okuma s\u00fcresi\" \/>\n\t<meta name=\"twitter:data1\" content=\"2 dakika\" \/>\n<script type=\"application\/ld+json\" class=\"yoast-schema-graph\">{\"@context\":\"https:\/\/schema.org\",\"@graph\":[{\"@type\":\"WebPage\",\"@id\":\"https:\/\/seslianket.com\/index.php\/sesli-anket\/\",\"url\":\"https:\/\/seslianket.com\/index.php\/sesli-anket\/\",\"name\":\"Sesli Anket | T\u00fcrkiye&#039;nin 1 Numaral\u0131 Sesli Anket \u015eirketi K\u0131rm\u0131z\u0131 Kare \u0130leti\u015fim - 0532 388 32 44\",\"isPartOf\":{\"@id\":\"https:\/\/seslianket.com\/#website\"},\"primaryImageOfPage\":{\"@id\":\"https:\/\/seslianket.com\/index.php\/sesli-anket\/#primaryimage\"},\"image\":{\"@id\":\"https:\/\/seslianket.com\/index.php\/sesli-anket\/#primaryimage\"},\"thumbnailUrl\":\"https:\/\/seslianket.com\/wp-content\/uploads\/2025\/02\/cambridge-989x1024-2.png\",\"datePublished\":\"2025-02-21T08:46:39+00:00\",\"dateModified\":\"2025-09-28T10:37:38+00:00\",\"description\":\"Sesli Anket' inizi Anl\u0131k Canl\u0131 \u015eekilde Takip edin. Yapay Zeka Destekli Raporlar\u0131 Hemen Al\u0131n. QR Kodla Raporunuza Heryerden Ula\u015f\u0131n.\",\"breadcrumb\":{\"@id\":\"https:\/\/seslianket.com\/index.php\/sesli-anket\/#breadcrumb\"},\"inLanguage\":\"tr\",\"potentialAction\":[{\"@type\":\"ReadAction\",\"target\":[\"https:\/\/seslianket.com\/index.php\/sesli-anket\/\"]}]},{\"@type\":\"ImageObject\",\"inLanguage\":\"tr\",\"@id\":\"https:\/\/seslianket.com\/index.php\/sesli-anket\/#primaryimage\",\"url\":\"https:\/\/seslianket.com\/wp-content\/uploads\/2025\/02\/cambridge-989x1024-2.png\",\"contentUrl\":\"https:\/\/seslianket.com\/wp-content\/uploads\/2025\/02\/cambridge-989x1024-2.png\",\"width\":989,\"height\":1024},{\"@type\":\"BreadcrumbList\",\"@id\":\"https:\/\/seslianket.com\/index.php\/sesli-anket\/#breadcrumb\",\"itemListElement\":[{\"@type\":\"ListItem\",\"position\":1,\"name\":\"Anasayfa\",\"item\":\"https:\/\/seslianket.com\/\"},{\"@type\":\"ListItem\",\"position\":2,\"name\":\"Sesli Anket\"}]},{\"@type\":\"WebSite\",\"@id\":\"https:\/\/seslianket.com\/#website\",\"url\":\"https:\/\/seslianket.com\/\",\"name\":\"T\u00fcrkiye'nin 1 Numaral\u0131 Sesli Anket \u015eirketi K\u0131rm\u0131z\u0131 Kare \u0130leit\u015fim\",\"description\":\"T\u00fcrkiye&#039;nin 1 Numaral\u0131 Sesli Anket \u015eirketi\",\"alternateName\":\"Sesli Anket ve Sesli Mesaj\",\"potentialAction\":[{\"@type\":\"SearchAction\",\"target\":{\"@type\":\"EntryPoint\",\"urlTemplate\":\"https:\/\/seslianket.com\/?s={search_term_string}\"},\"query-input\":{\"@type\":\"PropertyValueSpecification\",\"valueRequired\":true,\"valueName\":\"search_term_string\"}}],\"inLanguage\":\"tr\"}]}<\/script>\n<!-- \/ Yoast SEO plugin. -->","yoast_head_json":{"title":"Sesli Anket | T\u00fcrkiye&#039;nin 1 Numaral\u0131 Sesli Anket \u015eirketi K\u0131rm\u0131z\u0131 Kare \u0130leti\u015fim - 0532 388 32 44","description":"Sesli Anket' inizi Anl\u0131k Canl\u0131 \u015eekilde Takip edin. Yapay Zeka Destekli Raporlar\u0131 Hemen Al\u0131n. QR Kodla Raporunuza Heryerden Ula\u015f\u0131n.","robots":{"index":"index","follow":"follow","max-snippet":"max-snippet:-1","max-image-preview":"max-image-preview:large","max-video-preview":"max-video-preview:-1"},"canonical":"https:\/\/seslianket.com\/index.php\/sesli-anket\/","og_locale":"tr_TR","og_type":"article","og_title":"Sesli Anket | T\u00fcrkiye&#039;nin 1 Numaral\u0131 Sesli Anket \u015eirketi K\u0131rm\u0131z\u0131 Kare \u0130leti\u015fim - 0532 388 32 44","og_description":"Sesli Anket' inizi Anl\u0131k Canl\u0131 \u015eekilde Takip edin. Yapay Zeka Destekli Raporlar\u0131 Hemen Al\u0131n. QR Kodla Raporunuza Heryerden Ula\u015f\u0131n.","og_url":"https:\/\/seslianket.com\/index.php\/sesli-anket\/","og_site_name":"T\u00fcrkiye&#039;nin 1 Numaral\u0131 Sesli Anket \u015eirketi K\u0131rm\u0131z\u0131 Kare \u0130leti\u015fim","article_publisher":"https:\/\/www.facebook.com\/uniamerika","article_modified_time":"2025-09-28T10:37:38+00:00","og_image":[{"width":989,"height":1024,"url":"https:\/\/seslianket.com\/wp-content\/uploads\/2025\/02\/cambridge-989x1024-2.png","type":"image\/png"}],"twitter_card":"summary_large_image","twitter_site":"@uniamerika","twitter_misc":{"Tahmini okuma s\u00fcresi":"2 dakika"},"schema":{"@context":"https:\/\/schema.org","@graph":[{"@type":"WebPage","@id":"https:\/\/seslianket.com\/index.php\/sesli-anket\/","url":"https:\/\/seslianket.com\/index.php\/sesli-anket\/","name":"Sesli Anket | T\u00fcrkiye&#039;nin 1 Numaral\u0131 Sesli Anket \u015eirketi K\u0131rm\u0131z\u0131 Kare \u0130leti\u015fim - 0532 388 32 44","isPartOf":{"@id":"https:\/\/seslianket.com\/#website"},"primaryImageOfPage":{"@id":"https:\/\/seslianket.com\/index.php\/sesli-anket\/#primaryimage"},"image":{"@id":"https:\/\/seslianket.com\/index.php\/sesli-anket\/#primaryimage"},"thumbnailUrl":"https:\/\/seslianket.com\/wp-content\/uploads\/2025\/02\/cambridge-989x1024-2.png","datePublished":"2025-02-21T08:46:39+00:00","dateModified":"2025-09-28T10:37:38+00:00","description":"Sesli Anket' inizi Anl\u0131k Canl\u0131 \u015eekilde Takip edin. Yapay Zeka Destekli Raporlar\u0131 Hemen Al\u0131n. QR Kodla Raporunuza Heryerden Ula\u015f\u0131n.","breadcrumb":{"@id":"https:\/\/seslianket.com\/index.php\/sesli-anket\/#breadcrumb"},"inLanguage":"tr","potentialAction":[{"@type":"ReadAction","target":["https:\/\/seslianket.com\/index.php\/sesli-anket\/"]}]},{"@type":"ImageObject","inLanguage":"tr","@id":"https:\/\/seslianket.com\/index.php\/sesli-anket\/#primaryimage","url":"https:\/\/seslianket.com\/wp-content\/uploads\/2025\/02\/cambridge-989x1024-2.png","contentUrl":"https:\/\/seslianket.com\/wp-content\/uploads\/2025\/02\/cambridge-989x1024-2.png","width":989,"height":1024},{"@type":"BreadcrumbList","@id":"https:\/\/seslianket.com\/index.php\/sesli-anket\/#breadcrumb","itemListElement":[{"@type":"ListItem","position":1,"name":"Anasayfa","item":"https:\/\/seslianket.com\/"},{"@type":"ListItem","position":2,"name":"Sesli Anket"}]},{"@type":"WebSite","@id":"https:\/\/seslianket.com\/#website","url":"https:\/\/seslianket.com\/","name":"T\u00fcrkiye'nin 1 Numaral\u0131 Sesli Anket \u015eirketi K\u0131rm\u0131z\u0131 Kare \u0130leit\u015fim","description":"T\u00fcrkiye&#039;nin 1 Numaral\u0131 Sesli Anket \u015eirketi","alternateName":"Sesli Anket ve Sesli Mesaj","potentialAction":[{"@type":"SearchAction","target":{"@type":"EntryPoint","urlTemplate":"https:\/\/seslianket.com\/?s={search_term_string}"},"query-input":{"@type":"PropertyValueSpecification","valueRequired":true,"valueName":"search_term_string"}}],"inLanguage":"tr"}]}},"_links":{"self":[{"href":"https:\/\/seslianket.com\/index.php\/wp-json\/wp\/v2\/pages\/6","targetHints":{"allow":["GET"]}}],"collection":[{"href":"https:\/\/seslianket.com\/index.php\/wp-json\/wp\/v2\/pages"}],"about":[{"href":"https:\/\/seslianket.com\/index.php\/wp-json\/wp\/v2\/types\/page"}],"author":[{"embeddable":true,"href":"https:\/\/seslianket.com\/index.php\/wp-json\/wp\/v2\/users\/1"}],"replies":[{"embeddable":true,"href":"https:\/\/seslianket.com\/index.php\/wp-json\/wp\/v2\/comments?post=6"}],"version-history":[{"count":10,"href":"https:\/\/seslianket.com\/index.php\/wp-json\/wp\/v2\/pages\/6\/revisions"}],"predecessor-version":[{"id":154,"href":"https:\/\/seslianket.com\/index.php\/wp-json\/wp\/v2\/pages\/6\/revisions\/154"}],"wp:featuredmedia":[{"embeddable":true,"href":"https:\/\/seslianket.com\/index.php\/wp-json\/wp\/v2\/media\/100"}],"wp:attachment":[{"href":"https:\/\/seslianket.com\/index.php\/wp-json\/wp\/v2\/media?parent=6"}],"curies":[{"name":"wp","href":"https:\/\/api.w.org\/{rel}","templated":true}]}}